{"id":36141,"date":"2024-08-21T14:32:53","date_gmt":"2024-08-21T19:32:53","guid":{"rendered":"https:\/\/coqhcyt.qroo.gob.mx\/?page_id=36141"},"modified":"2025-02-13T18:10:19","modified_gmt":"2025-02-13T23:10:19","slug":"documentos-rectores","status":"publish","type":"page","link":"https:\/\/coqhcyt.qroo.gob.mx\/index.php\/documentos-rectores\/","title":{"rendered":"Documentos Rectores"},"content":{"rendered":"\n<p><a href=\"https:\/\/drive.google.com\/file\/d\/1jAXpkQqK_rv7nOf-Na1awS9yr94CvxhW\/view?usp=sharing\">Ley de Humanidades, Ciencias, Tecnolog\u00edas e Innovaci\u00f3n del Estado de Quintana Roo<\/a><\/p>\n\n\n\n<p><a href=\"https:\/\/drive.google.com\/file\/d\/1yh5qrRwT_BdZ72tdHVHnNbi7vtJDVEvz\/view?usp=share_link\">Normas Generales de Control Interno de la Administraci\u00f3n P\u00fablica Central y Paraestatal del Estado de Quintana Roo<\/a><\/p>\n\n\n\n<p><a href=\"https:\/\/drive.google.com\/file\/d\/1_ZqCfbNfMawimZA8VS9pdS6N_HWmkiZ4\/view?usp=share_link\">Programa Sectorial COQCYT<\/a><\/p>\n\n\n\n<p><a href=\"https:\/\/drive.google.com\/file\/d\/1jo2U657sHkb5Dwdf0kfyFUkKmNqVicAN\/view?usp=sharing\">Manual de Contabilidad Gubernamental 2024<\/a><\/p>\n\n\n\n<p><a href=\"https:\/\/preview.qroo.gob.mx\/sites\/default\/files\/unisitio2018\/03\/PeriodicoOficial_EXTRAORDINARIO_2018-03-01%20modificado.pdf\">Programa Institucional de Ciencia, Tecnolog\u00eda e Innovaci\u00f3n.pdf<\/a><\/p>\n\n\n\n<p><a href=\"https:\/\/drive.google.com\/file\/d\/1HHoVkBMOaZCNJCtmPnwhu4Zaeqg40w8G\/view?usp=share_link\">C\u00f3digo de \u00c9tica Peri\u00f3dico Oficial 2023<\/a><\/p>\n\n\n\n<p><a href=\"https:\/\/drive.google.com\/file\/d\/12y-CGKwlex-_5xeoNO4lkOubHm94DEkM\/view?usp=sharing\">Constituci\u00f3n Pol\u00edtica del Estado de Quintana Roo<\/a><\/p>\n\n\n\n<p><a href=\"http:\/\/documentos.congresoqroo.gob.mx\/leyes\/L306-XVII-20240418-L1720240418216.pdf\">Ley de Humanidades, Ciencias, Tecnolog\u00edas e Innovaci\u00f3n del Estado de Quintana Roo<\/a><\/p>\n\n\n\n<p><a href=\"https:\/\/drive.google.com\/file\/d\/1xnwH9G40GTxIhAicV7GYtxavMwUnaEA4\/view?usp=sharing\">Reglamento de Condiciones Generales de Trabajo de los Trabajadores al Servicio de Poder Ejecutivo del Estado<\/a><\/p>\n\n\n\n<p><a href=\"https:\/\/drive.google.com\/file\/d\/18nQVT35bqOfpaF821EQjjGJR9kSi7t5t\/view?usp=share_link\">Reglamento Interior del COQCYT 2022<\/a><\/p>\n\n\n\n<p><a href=\"https:\/\/drive.google.com\/file\/d\/1q18_R93Wu2O1Pzk9XCW3H56pA7e0wBkO\/view?usp=sharing\">Plan Estatal de Desarrollo 2016-2022<\/a><\/p>\n\n\n\n<p><a href=\"https:\/\/drive.google.com\/file\/d\/1pml-B_MDB11EA1fBxKJEUv4qgkQsKsx0\/view?usp=sharing\">Programa Sectorial de Educaci\u00f3n P\u00fablica de Calidad<\/a><\/p>\n\n\n\n<p><a href=\"https:\/\/drive.google.com\/file\/d\/1ZxU3WonKigzY9jBIwffocbRgozatrUuA\/view?usp=sharing\">Reglamento de Premios Estatales<\/a><\/p>\n\n\n\n<p><a href=\"https:\/\/drive.google.com\/file\/d\/1vx251nqn8cllOAAFHGsFEucdwonee8n2\/view?usp=sharing\">Reglamento del Sistema Estatal de Investigadores<\/a><\/p>\n\n\n\n<p><a href=\"https:\/\/drive.google.com\/file\/d\/1cDdOl87wtiqd5drGHURzxlr6kvIzAn8E\/view?usp=sharing\">Ley Anticorrupci\u00f3n del Estado de Quintana Roo<\/a><\/p>\n\n\n\n<p><a href=\"https:\/\/drive.google.com\/file\/d\/1qajh1UPohe5CrBdZf3bS3B80IaJHDIxA\/view?usp=sharing\">Ley de Adquisiciones, Arrendamientos y Prestaci\u00f3n de Servicios Relacionados con Bienes Muebles del Estado de Q. Roo<\/a><\/p>\n\n\n\n<p><a href=\"https:\/\/drive.google.com\/file\/d\/1adl1cs9oBBc7ZENBWogrC9A4KjlRxoEa\/view?usp=sharing\">Ley de Entrega y Recepci\u00f3n de los Poderes P\u00fablicos del Estado de Quintana Roo<\/a><\/p>\n\n\n\n<p><a href=\"https:\/\/drive.google.com\/file\/d\/19dfJTbwhhPANlR0ZsNTxmBFqaOCGMHRr\/view?usp=sharing\">Ley de Ciencia y Tecnolog\u00eda del Estado de Quintana Roo<\/a><\/p>\n\n\n\n<p><a href=\"https:\/\/drive.google.com\/file\/d\/1uswbUcrvAXj-hpjrPd5WeQabByy3oTZE\/view?usp=share_link\">Manual de Organizaci\u00f3n<\/a><\/p>\n\n\n\n<p><a href=\"https:\/\/drive.google.com\/file\/d\/1JsT_tCKf8ZOBTPgqsqHrO1kuuUlvoF0g\/view?usp=share_link\">PROTOCOLO DE ATENCI\u00d3N A DELACIONES POR INCUMPLIMIENTO AL C\u00d3DIGO DE \u00c9TICA, LAS REGLAS DE INTEGRIDAD Y AL C\u00d3DIGO DE CONDUCTA DEL CONSEJO QUINTANARROENSE DE CIENCIA Y TECNOLOG\u00cdA<\/a><\/p>\n\n\n\n<p><a href=\"https:\/\/drive.google.com\/file\/d\/1NPhXHYSxgaiCWO6pbGTfpn3R-l0g-HoC\/view?usp=drive_link\">Ley de Responsabilidades de Servidores P\u00fablicos<\/a><\/p>\n\n\n\n<p><a href=\"https:\/\/drive.google.com\/file\/d\/1Rab5BDWpn6efJpmDCwd6E2PN6Uf2WWjr\/view?usp=drive_link\">CODIGO DE CONDUCTA <\/a><\/p>\n\n\n\n<p><a href=\"https:\/\/drive.google.com\/file\/d\/1dJle_xTv-G13F1uzyw_WAfXzCIV051Zl\/view?usp=drive_link\">Manual de Organizaci\u00f3n 2016<\/a><\/p>\n\n\n\n\n\n<p><\/p>\n","protected":false},"excerpt":{"rendered":"<p>Ley de Humanidades, Ciencias, Tecnolog\u00edas e Innovaci\u00f3n del Estado de Quintana Roo Normas Generales de Control Interno de la Administraci\u00f3n P\u00fablica Central y Paraestatal del Estado de Quintana Roo Programa Sectorial COQCYT Manual de Contabilidad Gubernamental 2024 Programa Institucional de Ciencia, Tecnolog\u00eda e Innovaci\u00f3n.pdf C\u00f3digo de \u00c9tica Peri\u00f3dico Oficial 2023 Constituci\u00f3n Pol\u00edtica del Estado de &#8230; <a title=\"Documentos Rectores\" class=\"read-more\" href=\"https:\/\/coqhcyt.qroo.gob.mx\/index.php\/documentos-rectores\/\" aria-label=\"Leer m\u00e1s sobre Documentos Rectores\">Leer m\u00e1s<\/a><\/p>\n","protected":false},"author":4,"featured_media":0,"parent":0,"menu_order":0,"comment_status":"closed","ping_status":"closed","template":"","meta":{"_eb_attr":"","footnotes":""},"class_list":["post-36141","page","type-page","status-publish"],"yoast_head":"<!-- This site is optimized with the Yoast SEO plugin v27.5 - https:\/\/yoast.com\/product\/yoast-seo-wordpress\/ -->\n<title>Documentos Rectores - Consejo Quintanarroense de Humanidades, Ciencias y Tecnolog\u00edas<\/title>\n<meta name=\"robots\" content=\"index, follow, max-snippet:-1, max-image-preview:large, max-video-preview:-1\" \/>\n<link rel=\"canonical\" href=\"https:\/\/coqhcyt.qroo.gob.mx\/index.php\/documentos-rectores\/\" \/>\n<meta property=\"og:locale\" content=\"es_MX\" \/>\n<meta property=\"og:type\" content=\"article\" \/>\n<meta property=\"og:title\" content=\"Documentos Rectores - Consejo Quintanarroense de Humanidades, Ciencias y Tecnolog\u00edas\" \/>\n<meta property=\"og:description\" content=\"Ley de Humanidades, Ciencias, Tecnolog\u00edas e Innovaci\u00f3n del Estado de Quintana Roo Normas Generales de Control Interno de la Administraci\u00f3n P\u00fablica Central y Paraestatal del Estado de Quintana Roo Programa Sectorial COQCYT Manual de Contabilidad Gubernamental 2024 Programa Institucional de Ciencia, Tecnolog\u00eda e Innovaci\u00f3n.pdf C\u00f3digo de \u00c9tica Peri\u00f3dico Oficial 2023 Constituci\u00f3n Pol\u00edtica del Estado de ... Leer m\u00e1s\" \/>\n<meta property=\"og:url\" content=\"https:\/\/coqhcyt.qroo.gob.mx\/index.php\/documentos-rectores\/\" \/>\n<meta property=\"og:site_name\" content=\"Consejo Quintanarroense de Humanidades, Ciencias y Tecnolog\u00edas\" \/>\n<meta property=\"article:modified_time\" content=\"2025-02-13T23:10:19+00:00\" \/>\n<meta name=\"twitter:card\" content=\"summary_large_image\" \/>\n<meta name=\"twitter:label1\" content=\"Tiempo de lectura\" \/>\n\t<meta name=\"twitter:data1\" content=\"1 minuto\" \/>\n<script type=\"application\/ld+json\" class=\"yoast-schema-graph\">{\"@context\":\"https:\\\/\\\/schema.org\",\"@graph\":[{\"@type\":\"WebPage\",\"@id\":\"https:\\\/\\\/coqhcyt.qroo.gob.mx\\\/index.php\\\/documentos-rectores\\\/\",\"url\":\"https:\\\/\\\/coqhcyt.qroo.gob.mx\\\/index.php\\\/documentos-rectores\\\/\",\"name\":\"Documentos Rectores - Consejo Quintanarroense de Humanidades, Ciencias y Tecnolog\u00edas\",\"isPartOf\":{\"@id\":\"https:\\\/\\\/coqhcyt.qroo.gob.mx\\\/#website\"},\"datePublished\":\"2024-08-21T19:32:53+00:00\",\"dateModified\":\"2025-02-13T23:10:19+00:00\",\"breadcrumb\":{\"@id\":\"https:\\\/\\\/coqhcyt.qroo.gob.mx\\\/index.php\\\/documentos-rectores\\\/#breadcrumb\"},\"inLanguage\":\"es\",\"potentialAction\":[{\"@type\":\"ReadAction\",\"target\":[\"https:\\\/\\\/coqhcyt.qroo.gob.mx\\\/index.php\\\/documentos-rectores\\\/\"]}]},{\"@type\":\"BreadcrumbList\",\"@id\":\"https:\\\/\\\/coqhcyt.qroo.gob.mx\\\/index.php\\\/documentos-rectores\\\/#breadcrumb\",\"itemListElement\":[{\"@type\":\"ListItem\",\"position\":1,\"name\":\"Inicio\",\"item\":\"https:\\\/\\\/coqhcyt.qroo.gob.mx\\\/\"},{\"@type\":\"ListItem\",\"position\":2,\"name\":\"Documentos Rectores\"}]},{\"@type\":\"WebSite\",\"@id\":\"https:\\\/\\\/coqhcyt.qroo.gob.mx\\\/#website\",\"url\":\"https:\\\/\\\/coqhcyt.qroo.gob.mx\\\/\",\"name\":\"Consejo Quintanarroense de Humanidades, Ciencias y Tecnolog\u00edas\",\"description\":\"COQHCYT, anteriormente conocida como COQCYT Quintana Roo atendemos los estudios de las humanidades, ciencia y tecnolog\u00eda del estado de Quintana Roo\",\"publisher\":{\"@id\":\"https:\\\/\\\/coqhcyt.qroo.gob.mx\\\/#organization\"},\"potentialAction\":[{\"@type\":\"SearchAction\",\"target\":{\"@type\":\"EntryPoint\",\"urlTemplate\":\"https:\\\/\\\/coqhcyt.qroo.gob.mx\\\/?s={search_term_string}\"},\"query-input\":{\"@type\":\"PropertyValueSpecification\",\"valueRequired\":true,\"valueName\":\"search_term_string\"}}],\"inLanguage\":\"es\"},{\"@type\":\"Organization\",\"@id\":\"https:\\\/\\\/coqhcyt.qroo.gob.mx\\\/#organization\",\"name\":\"Consejo Quintanarroense de Humanidades, Ciencias y Tecnolog\u00edas\",\"url\":\"https:\\\/\\\/coqhcyt.qroo.gob.mx\\\/\",\"logo\":{\"@type\":\"ImageObject\",\"inLanguage\":\"es\",\"@id\":\"https:\\\/\\\/coqhcyt.qroo.gob.mx\\\/#\\\/schema\\\/logo\\\/image\\\/\",\"url\":\"https:\\\/\\\/coqhcyt.qroo.gob.mx\\\/wp-content\\\/uploads\\\/2024\\\/08\\\/cropped-LOGO-COQHCYT-e1724120083330.png\",\"contentUrl\":\"https:\\\/\\\/coqhcyt.qroo.gob.mx\\\/wp-content\\\/uploads\\\/2024\\\/08\\\/cropped-LOGO-COQHCYT-e1724120083330.png\",\"width\":6127,\"height\":1863,\"caption\":\"Consejo Quintanarroense de Humanidades, Ciencias y Tecnolog\u00edas\"},\"image\":{\"@id\":\"https:\\\/\\\/coqhcyt.qroo.gob.mx\\\/#\\\/schema\\\/logo\\\/image\\\/\"}}]}<\/script>\n<!-- \/ Yoast SEO plugin. -->","yoast_head_json":{"title":"Documentos Rectores - Consejo Quintanarroense de Humanidades, Ciencias y Tecnolog\u00edas","robots":{"index":"index","follow":"follow","max-snippet":"max-snippet:-1","max-image-preview":"max-image-preview:large","max-video-preview":"max-video-preview:-1"},"canonical":"https:\/\/coqhcyt.qroo.gob.mx\/index.php\/documentos-rectores\/","og_locale":"es_MX","og_type":"article","og_title":"Documentos Rectores - Consejo Quintanarroense de Humanidades, Ciencias y Tecnolog\u00edas","og_description":"Ley de Humanidades, Ciencias, Tecnolog\u00edas e Innovaci\u00f3n del Estado de Quintana Roo Normas Generales de Control Interno de la Administraci\u00f3n P\u00fablica Central y Paraestatal del Estado de Quintana Roo Programa Sectorial COQCYT Manual de Contabilidad Gubernamental 2024 Programa Institucional de Ciencia, Tecnolog\u00eda e Innovaci\u00f3n.pdf C\u00f3digo de \u00c9tica Peri\u00f3dico Oficial 2023 Constituci\u00f3n Pol\u00edtica del Estado de ... Leer m\u00e1s","og_url":"https:\/\/coqhcyt.qroo.gob.mx\/index.php\/documentos-rectores\/","og_site_name":"Consejo Quintanarroense de Humanidades, Ciencias y Tecnolog\u00edas","article_modified_time":"2025-02-13T23:10:19+00:00","twitter_card":"summary_large_image","twitter_misc":{"Tiempo de lectura":"1 minuto"},"schema":{"@context":"https:\/\/schema.org","@graph":[{"@type":"WebPage","@id":"https:\/\/coqhcyt.qroo.gob.mx\/index.php\/documentos-rectores\/","url":"https:\/\/coqhcyt.qroo.gob.mx\/index.php\/documentos-rectores\/","name":"Documentos Rectores - Consejo Quintanarroense de Humanidades, Ciencias y Tecnolog\u00edas","isPartOf":{"@id":"https:\/\/coqhcyt.qroo.gob.mx\/#website"},"datePublished":"2024-08-21T19:32:53+00:00","dateModified":"2025-02-13T23:10:19+00:00","breadcrumb":{"@id":"https:\/\/coqhcyt.qroo.gob.mx\/index.php\/documentos-rectores\/#breadcrumb"},"inLanguage":"es","potentialAction":[{"@type":"ReadAction","target":["https:\/\/coqhcyt.qroo.gob.mx\/index.php\/documentos-rectores\/"]}]},{"@type":"BreadcrumbList","@id":"https:\/\/coqhcyt.qroo.gob.mx\/index.php\/documentos-rectores\/#breadcrumb","itemListElement":[{"@type":"ListItem","position":1,"name":"Inicio","item":"https:\/\/coqhcyt.qroo.gob.mx\/"},{"@type":"ListItem","position":2,"name":"Documentos Rectores"}]},{"@type":"WebSite","@id":"https:\/\/coqhcyt.qroo.gob.mx\/#website","url":"https:\/\/coqhcyt.qroo.gob.mx\/","name":"Consejo Quintanarroense de Humanidades, Ciencias y Tecnolog\u00edas","description":"COQHCYT, anteriormente conocida como COQCYT Quintana Roo atendemos los estudios de las humanidades, ciencia y tecnolog\u00eda del estado de Quintana Roo","publisher":{"@id":"https:\/\/coqhcyt.qroo.gob.mx\/#organization"},"potentialAction":[{"@type":"SearchAction","target":{"@type":"EntryPoint","urlTemplate":"https:\/\/coqhcyt.qroo.gob.mx\/?s={search_term_string}"},"query-input":{"@type":"PropertyValueSpecification","valueRequired":true,"valueName":"search_term_string"}}],"inLanguage":"es"},{"@type":"Organization","@id":"https:\/\/coqhcyt.qroo.gob.mx\/#organization","name":"Consejo Quintanarroense de Humanidades, Ciencias y Tecnolog\u00edas","url":"https:\/\/coqhcyt.qroo.gob.mx\/","logo":{"@type":"ImageObject","inLanguage":"es","@id":"https:\/\/coqhcyt.qroo.gob.mx\/#\/schema\/logo\/image\/","url":"https:\/\/coqhcyt.qroo.gob.mx\/wp-content\/uploads\/2024\/08\/cropped-LOGO-COQHCYT-e1724120083330.png","contentUrl":"https:\/\/coqhcyt.qroo.gob.mx\/wp-content\/uploads\/2024\/08\/cropped-LOGO-COQHCYT-e1724120083330.png","width":6127,"height":1863,"caption":"Consejo Quintanarroense de Humanidades, Ciencias y Tecnolog\u00edas"},"image":{"@id":"https:\/\/coqhcyt.qroo.gob.mx\/#\/schema\/logo\/image\/"}}]}},"_links":{"self":[{"href":"https:\/\/coqhcyt.qroo.gob.mx\/index.php\/wp-json\/wp\/v2\/pages\/36141","targetHints":{"allow":["GET"]}}],"collection":[{"href":"https:\/\/coqhcyt.qroo.gob.mx\/index.php\/wp-json\/wp\/v2\/pages"}],"about":[{"href":"https:\/\/coqhcyt.qroo.gob.mx\/index.php\/wp-json\/wp\/v2\/types\/page"}],"author":[{"embeddable":true,"href":"https:\/\/coqhcyt.qroo.gob.mx\/index.php\/wp-json\/wp\/v2\/users\/4"}],"replies":[{"embeddable":true,"href":"https:\/\/coqhcyt.qroo.gob.mx\/index.php\/wp-json\/wp\/v2\/comments?post=36141"}],"version-history":[{"count":6,"href":"https:\/\/coqhcyt.qroo.gob.mx\/index.php\/wp-json\/wp\/v2\/pages\/36141\/revisions"}],"predecessor-version":[{"id":36649,"href":"https:\/\/coqhcyt.qroo.gob.mx\/index.php\/wp-json\/wp\/v2\/pages\/36141\/revisions\/36649"}],"wp:attachment":[{"href":"https:\/\/coqhcyt.qroo.gob.mx\/index.php\/wp-json\/wp\/v2\/media?parent=36141"}],"curies":[{"name":"wp","href":"https:\/\/api.w.org\/{rel}","templated":true}]}}