{"id":37793,"date":"2026-03-20T13:51:52","date_gmt":"2026-03-20T18:51:52","guid":{"rendered":"https:\/\/coqhcyt.qroo.gob.mx\/?page_id=37793"},"modified":"2026-04-15T15:44:46","modified_gmt":"2026-04-15T20:44:46","slug":"denuncias-transparencia","status":"publish","type":"page","link":"https:\/\/coqhcyt.qroo.gob.mx\/index.php\/denuncias-transparencia\/","title":{"rendered":"Denuncias Transparencia"},"content":{"rendered":"\n<p><strong>Denuncias por incumplimiento a las obligaciones de transparencia<\/strong><\/p>\n\n\n\n<p>Art\u00edculo 94 de la Ley de Transparencia y Acceso a la Informaci\u00f3n P\u00fablica del Estado de Quintana Roo.<\/p>\n\n\n\n<p>Cualquier persona podr\u00e1 denunciar la falta de publicaci\u00f3n de las obligaciones de transparencia previstas en la Ley.<\/p>\n\n\n\n<p>ante la Autoridad Garante Estatal (para el COQHCYT lo es el Instituto Quintanarroense de Transparencia para el Pueblo IQTP), la falta de publicaci\u00f3n de las obligaciones de transparencia previstas en la Ley y dem\u00e1s disposiciones jur\u00eddicas aplicables.<\/p>\n\n\n\n<p>Procedimiento<\/p>\n\n\n\n<p>Medios de presentaci\u00f3n:<\/p>\n\n\n\n<ol class=\"wp-block-list\">\n<li>De forma electr\u00f3nica en la Plataforma Nacional de Transparencia; <a href=\"https:\/\/consultapublicamx.plataformadetransparencia.org.mx\/vut-web\/faces\/view\/denuncia\/denunciaCiudadana.xhtml\">https:\/\/consultapublicamx.plataformadetransparencia.org.mx\/vut-web\/faces\/view\/denuncia\/denunciaCiudadana.xhtml<\/a><\/li>\n<\/ol>\n\n\n\n<figure class=\"wp-block-image size-full\"><img fetchpriority=\"high\" decoding=\"async\" width=\"600\" height=\"301\" src=\"https:\/\/coqhcyt.qroo.gob.mx\/wp-content\/uploads\/2026\/03\/transparencia-1.jpg\" alt=\"\" class=\"wp-image-37796\" srcset=\"https:\/\/coqhcyt.qroo.gob.mx\/wp-content\/uploads\/2026\/03\/transparencia-1.jpg 600w, https:\/\/coqhcyt.qroo.gob.mx\/wp-content\/uploads\/2026\/03\/transparencia-1-300x151.jpg 300w\" sizes=\"(max-width: 600px) 100vw, 600px\" \/><\/figure>\n\n\n\n<ul class=\"wp-block-list\">\n<li>Denunciando ante el propio Instituto Quintanarroense de Transparencia para el Pueblo, quien es la Autoridad Garante en el caso de este Organismo;<\/li>\n<\/ul>\n\n\n\n<figure class=\"wp-block-image size-large is-resized\"><img decoding=\"async\" width=\"1024\" height=\"429\" src=\"https:\/\/coqhcyt.qroo.gob.mx\/wp-content\/uploads\/2026\/03\/iqtp-1024x429.jpg\" alt=\"\" class=\"wp-image-37797\" style=\"width:435px;height:auto\" srcset=\"https:\/\/coqhcyt.qroo.gob.mx\/wp-content\/uploads\/2026\/03\/iqtp-1024x429.jpg 1024w, https:\/\/coqhcyt.qroo.gob.mx\/wp-content\/uploads\/2026\/03\/iqtp-300x126.jpg 300w, https:\/\/coqhcyt.qroo.gob.mx\/wp-content\/uploads\/2026\/03\/iqtp-768x322.jpg 768w, https:\/\/coqhcyt.qroo.gob.mx\/wp-content\/uploads\/2026\/03\/iqtp.jpg 1146w\" sizes=\"(max-width: 1024px) 100vw, 1024px\" \/><\/figure>\n\n\n\n<ul class=\"wp-block-list\">\n<li>Por escrito libre o en el <strong>formato<\/strong> puesto a su disposici\u00f3n, ante la Unidad de Transparencia del COQHCYT, ubicada en Avenida Insurgentes S\/N Colonia Constituyentes, C.P. 77015, Chetumal, Quintana Roo o al correo electr\u00f3nico <a href=\"mailto:unidadtransparenciacoqcyt@gmail.com\">unidadtransparenciacoqcyt@gmail.com<\/a>.<\/li>\n<\/ul>\n\n\n\n<p>Formato: <a href=\"https:\/\/docs.google.com\/document\/d\/1mtwAIEcJc0YcFEBACltLifRBZhV2gasP\/edit?usp=drive_link&amp;ouid=116203931739458345668&amp;rtpof=true&amp;sd=true\">https:\/\/docs.google.com\/document\/d\/1mtwAIEcJc0YcFEBACltLifRBZhV2gasP\/edit?usp=drive_link&amp;ouid=116203931739458345668&amp;rtpof=true&amp;sd=true<\/a><\/p>\n\n\n\n<p>Requisitos m\u00ednimos:<\/p>\n\n\n\n<ol class=\"wp-block-list\">\n<li>Nombre del Sujeto Obligado denunciado;<\/li>\n\n\n\n<li>Descripci\u00f3n clara y precisa del incumplimiento denunciado;<\/li>\n\n\n\n<li>Podr\u00e1 adjuntar los medios de prueba que estime necesarios para respaldar el incumplimiento denunciado;<\/li>\n\n\n\n<li>Si la denuncia se presenta por escrito, se deber\u00e1 se\u00f1alar un domicilio o direcci\u00f3n de correo electr\u00f3nico para recibir notificaciones;<\/li>\n\n\n\n<li>Opcionalmente el nombre de la persona denunciante.<\/li>\n<\/ol>\n\n\n\n<p>Denuncias interpuestas en contra del COQHCYT<\/p>\n\n\n\n<p><a href=\"https:\/\/drive.google.com\/file\/d\/1FnfxUIVljvmqAS_ckYWfx60qLWodiTRB\/view?usp=drive_link\">Primer Trimestre 2026<\/a><\/p>\n\n\n\n<p><a href=\"https:\/\/drive.google.com\/file\/d\/109FQVe8q4YercT91f34-5Vmqvu0mH7qJ\/view?usp=drive_link\">Cuatro Trimestre 2025<\/a><\/p>\n\n\n\n<p><a href=\"https:\/\/drive.google.com\/file\/d\/1VGGAfzbUBj2td0_Q_c0t7i5tVplb8mUD\/view?usp=drive_link\">Tercer Trimestre 2025<\/a><\/p>\n\n\n\n<p><a href=\"https:\/\/drive.google.com\/file\/d\/1GvgSPrd32vfPMers7IDLIOUP204Muyr1\/view?usp=drive_link\">Segundo Trimestre 2025<\/a><\/p>\n\n\n\n<p><a href=\"https:\/\/drive.google.com\/file\/d\/1OqnNURarjTjcl752nsjlh6NHEoo-Ogct\/view?usp=drive_link\">Primer Trimestre 2025<\/a><\/p>\n\n\n\n<p><a href=\"https:\/\/drive.google.com\/file\/d\/1-IFGGPNpWKX20HZC9cO4IRVonIMETwBy\/view?usp=drive_link\">Cuatro Trimestre 2024<\/a><\/p>\n\n\n\n<p><a href=\"https:\/\/drive.google.com\/file\/d\/1E_Fu1ncwuMGEyHips1Eaa_3Cfn3bNMi1\/view?usp=drive_link\">Tercer Trimestre 2024<\/a><\/p>\n\n\n\n<p><a href=\"https:\/\/drive.google.com\/file\/d\/16zav33WM68gcSAqI1KiYZmOqle08cjBQ\/view?usp=drive_link\">Segundo Trimestre 2024<\/a><\/p>\n\n\n\n<p><a href=\"https:\/\/drive.google.com\/file\/d\/1Me7kJKz1R6Cp3X519F468VD4GrFB8K-U\/view?usp=drive_link\">Primer Trimestre 2024<\/a><\/p>\n\n\n\n<p><a href=\"https:\/\/drive.google.com\/file\/d\/1lPpQ44yuYVnlkrtHNzwKE1A85KkxTNtm\/view?usp=drive_link\">Cuatro Trimestre 2023<\/a><\/p>\n\n\n\n<p><a href=\"https:\/\/drive.google.com\/file\/d\/18zAVzXnuyvz8an8w7UN3BQwnBVycIC9z\/view?usp=drive_link\">Tercer Trimestre 2023<\/a><\/p>\n\n\n\n<p><a href=\"https:\/\/drive.google.com\/file\/d\/1-RpJVB_HY0isJFwJKZ5YHH26JlT4WWmN\/view?usp=drive_link\">Segundo Trimestre 2023<\/a><\/p>\n\n\n\n<p><a href=\"https:\/\/drive.google.com\/file\/d\/1OAde3EgOjEsEcx6ZaSNYKxKROLRjNj0N\/view?usp=drive_link\">Primer Trimestre 2023<\/a><\/p>\n\n\n\n<p><a href=\"https:\/\/drive.google.com\/file\/d\/1-IFGGPNpWKX20HZC9cO4IRVonIMETwBy\/view?usp=drive_link\">Cuatro Trimestre 2022<\/a><\/p>\n\n\n\n<p><a href=\"https:\/\/drive.google.com\/file\/d\/1S-aQrOzuJUgSadGNoTGWy2EAWLAvUT7h\/view?usp=drive_link\">Tercer Trimestre 2022<\/a><\/p>\n\n\n\n<p><a href=\"https:\/\/drive.google.com\/file\/d\/1JgejGp6mk1vHpId867rJwuiABMsa2HiA\/view?usp=drive_link\">Segundo Trimestre 2022<\/a><\/p>\n\n\n\n<p><a href=\"https:\/\/drive.google.com\/file\/d\/1ZUIVy8EsQT-7OAjrls_hxfV3l7SzfCXn\/view?usp=drive_link\">Primer Trimestre 2022<\/a><\/p>\n\n\n\n<p><a href=\"https:\/\/drive.google.com\/file\/d\/1aezmRtOVvUXjPIkuMB5BeUINJ5uw_XZq\/view?usp=drive_link\">Cuatro Trimestre 2021<\/a><\/p>\n\n\n\n<p><a href=\"https:\/\/drive.google.com\/file\/d\/1P0mTgc3MSaHHxEeTXumBSLSFaXDfKLaZ\/view?usp=drive_link\">Tercer Trimestre 2021<\/a><\/p>\n\n\n\n<p><a href=\"https:\/\/drive.google.com\/file\/d\/1zJQya2f3_OLiweN_sKGGMKV4soBCOdyn\/view?usp=drive_link\">Segundo Trimestre 2021<\/a><\/p>\n\n\n\n<p><a href=\"https:\/\/drive.google.com\/file\/d\/1KA5tSU9xYFqy0g5ZZRV7YZQcuKQb9YZ9\/view?usp=drive_link\">Primer Trimestre 2021<\/a><\/p>\n\n\n\n<p>Adicionalmente, puede consultar la secci\u00f3n que contiene el registro de las \u201cDenuncias por Incumplimiento a las Obligaciones de Transparencia\u201d que se presentaron en el extinto Instituto de Acceso a la Informaci\u00f3n y Protecci\u00f3n de Datos Personales de Quintana Roo, incluyendo la versi\u00f3n p\u00fablica de sus respectivas resoluciones, con las que se acredita el incumplimiento o el cumplimiento, publicado en el link: <a href=\"http:\/\/www.idaipqroo.org.mx\/vinculacion-sujetos-obligados\/denuncias-obligaciones\/\">http:\/\/www.idaipqroo.org.mx\/vinculacion-sujetos-obligados\/denuncias-obligaciones\/<\/a><\/p>\n\n\n\n<p><\/p>\n","protected":false},"excerpt":{"rendered":"<p>Denuncias por incumplimiento a las obligaciones de transparencia Art\u00edculo 94 de la Ley de Transparencia y Acceso a la Informaci\u00f3n P\u00fablica del Estado de Quintana Roo. Cualquier persona podr\u00e1 denunciar la falta de publicaci\u00f3n de las obligaciones de transparencia previstas en la Ley. ante la Autoridad Garante Estatal (para el COQHCYT lo es el Instituto &#8230; <a title=\"Denuncias Transparencia\" class=\"read-more\" href=\"https:\/\/coqhcyt.qroo.gob.mx\/index.php\/denuncias-transparencia\/\" aria-label=\"Leer m\u00e1s sobre Denuncias Transparencia\">Leer m\u00e1s<\/a><\/p>\n","protected":false},"author":4,"featured_media":0,"parent":0,"menu_order":0,"comment_status":"closed","ping_status":"closed","template":"","meta":{"_eb_attr":"","footnotes":""},"class_list":["post-37793","page","type-page","status-publish"],"yoast_head":"<!-- This site is optimized with the Yoast SEO plugin v27.5 - https:\/\/yoast.com\/product\/yoast-seo-wordpress\/ -->\n<title>Denuncias Transparencia - Consejo Quintanarroense de Humanidades, Ciencias y Tecnolog\u00edas<\/title>\n<meta name=\"robots\" content=\"index, follow, max-snippet:-1, max-image-preview:large, max-video-preview:-1\" \/>\n<link rel=\"canonical\" href=\"https:\/\/coqhcyt.qroo.gob.mx\/index.php\/denuncias-transparencia\/\" \/>\n<meta property=\"og:locale\" content=\"es_MX\" \/>\n<meta property=\"og:type\" content=\"article\" \/>\n<meta property=\"og:title\" content=\"Denuncias Transparencia - Consejo Quintanarroense de Humanidades, Ciencias y Tecnolog\u00edas\" \/>\n<meta property=\"og:description\" content=\"Denuncias por incumplimiento a las obligaciones de transparencia Art\u00edculo 94 de la Ley de Transparencia y Acceso a la Informaci\u00f3n P\u00fablica del Estado de Quintana Roo. Cualquier persona podr\u00e1 denunciar la falta de publicaci\u00f3n de las obligaciones de transparencia previstas en la Ley. ante la Autoridad Garante Estatal (para el COQHCYT lo es el Instituto ... Leer m\u00e1s\" \/>\n<meta property=\"og:url\" content=\"https:\/\/coqhcyt.qroo.gob.mx\/index.php\/denuncias-transparencia\/\" \/>\n<meta property=\"og:site_name\" content=\"Consejo Quintanarroense de Humanidades, Ciencias y Tecnolog\u00edas\" \/>\n<meta property=\"article:modified_time\" content=\"2026-04-15T20:44:46+00:00\" \/>\n<meta property=\"og:image\" content=\"https:\/\/coqhcyt.qroo.gob.mx\/wp-content\/uploads\/2026\/03\/transparencia-1.jpg\" \/>\n\t<meta property=\"og:image:width\" content=\"600\" \/>\n\t<meta property=\"og:image:height\" content=\"301\" \/>\n\t<meta property=\"og:image:type\" content=\"image\/jpeg\" \/>\n<meta name=\"twitter:card\" content=\"summary_large_image\" \/>\n<meta name=\"twitter:label1\" content=\"Tiempo de lectura\" \/>\n\t<meta name=\"twitter:data1\" content=\"2 minutos\" \/>\n<script type=\"application\/ld+json\" class=\"yoast-schema-graph\">{\"@context\":\"https:\\\/\\\/schema.org\",\"@graph\":[{\"@type\":\"WebPage\",\"@id\":\"https:\\\/\\\/coqhcyt.qroo.gob.mx\\\/index.php\\\/denuncias-transparencia\\\/\",\"url\":\"https:\\\/\\\/coqhcyt.qroo.gob.mx\\\/index.php\\\/denuncias-transparencia\\\/\",\"name\":\"Denuncias Transparencia - Consejo Quintanarroense de Humanidades, Ciencias y Tecnolog\u00edas\",\"isPartOf\":{\"@id\":\"https:\\\/\\\/coqhcyt.qroo.gob.mx\\\/#website\"},\"primaryImageOfPage\":{\"@id\":\"https:\\\/\\\/coqhcyt.qroo.gob.mx\\\/index.php\\\/denuncias-transparencia\\\/#primaryimage\"},\"image\":{\"@id\":\"https:\\\/\\\/coqhcyt.qroo.gob.mx\\\/index.php\\\/denuncias-transparencia\\\/#primaryimage\"},\"thumbnailUrl\":\"https:\\\/\\\/coqhcyt.qroo.gob.mx\\\/wp-content\\\/uploads\\\/2026\\\/03\\\/transparencia-1.jpg\",\"datePublished\":\"2026-03-20T18:51:52+00:00\",\"dateModified\":\"2026-04-15T20:44:46+00:00\",\"breadcrumb\":{\"@id\":\"https:\\\/\\\/coqhcyt.qroo.gob.mx\\\/index.php\\\/denuncias-transparencia\\\/#breadcrumb\"},\"inLanguage\":\"es\",\"potentialAction\":[{\"@type\":\"ReadAction\",\"target\":[\"https:\\\/\\\/coqhcyt.qroo.gob.mx\\\/index.php\\\/denuncias-transparencia\\\/\"]}]},{\"@type\":\"ImageObject\",\"inLanguage\":\"es\",\"@id\":\"https:\\\/\\\/coqhcyt.qroo.gob.mx\\\/index.php\\\/denuncias-transparencia\\\/#primaryimage\",\"url\":\"https:\\\/\\\/coqhcyt.qroo.gob.mx\\\/wp-content\\\/uploads\\\/2026\\\/03\\\/transparencia-1.jpg\",\"contentUrl\":\"https:\\\/\\\/coqhcyt.qroo.gob.mx\\\/wp-content\\\/uploads\\\/2026\\\/03\\\/transparencia-1.jpg\",\"width\":600,\"height\":301},{\"@type\":\"BreadcrumbList\",\"@id\":\"https:\\\/\\\/coqhcyt.qroo.gob.mx\\\/index.php\\\/denuncias-transparencia\\\/#breadcrumb\",\"itemListElement\":[{\"@type\":\"ListItem\",\"position\":1,\"name\":\"Inicio\",\"item\":\"https:\\\/\\\/coqhcyt.qroo.gob.mx\\\/\"},{\"@type\":\"ListItem\",\"position\":2,\"name\":\"Denuncias Transparencia\"}]},{\"@type\":\"WebSite\",\"@id\":\"https:\\\/\\\/coqhcyt.qroo.gob.mx\\\/#website\",\"url\":\"https:\\\/\\\/coqhcyt.qroo.gob.mx\\\/\",\"name\":\"Consejo Quintanarroense de Humanidades, Ciencias y Tecnolog\u00edas\",\"description\":\"COQHCYT, anteriormente conocida como COQCYT Quintana Roo atendemos los estudios de las humanidades, ciencia y tecnolog\u00eda del estado de Quintana Roo\",\"publisher\":{\"@id\":\"https:\\\/\\\/coqhcyt.qroo.gob.mx\\\/#organization\"},\"potentialAction\":[{\"@type\":\"SearchAction\",\"target\":{\"@type\":\"EntryPoint\",\"urlTemplate\":\"https:\\\/\\\/coqhcyt.qroo.gob.mx\\\/?s={search_term_string}\"},\"query-input\":{\"@type\":\"PropertyValueSpecification\",\"valueRequired\":true,\"valueName\":\"search_term_string\"}}],\"inLanguage\":\"es\"},{\"@type\":\"Organization\",\"@id\":\"https:\\\/\\\/coqhcyt.qroo.gob.mx\\\/#organization\",\"name\":\"Consejo Quintanarroense de Humanidades, Ciencias y Tecnolog\u00edas\",\"url\":\"https:\\\/\\\/coqhcyt.qroo.gob.mx\\\/\",\"logo\":{\"@type\":\"ImageObject\",\"inLanguage\":\"es\",\"@id\":\"https:\\\/\\\/coqhcyt.qroo.gob.mx\\\/#\\\/schema\\\/logo\\\/image\\\/\",\"url\":\"https:\\\/\\\/coqhcyt.qroo.gob.mx\\\/wp-content\\\/uploads\\\/2024\\\/08\\\/cropped-LOGO-COQHCYT-e1724120083330.png\",\"contentUrl\":\"https:\\\/\\\/coqhcyt.qroo.gob.mx\\\/wp-content\\\/uploads\\\/2024\\\/08\\\/cropped-LOGO-COQHCYT-e1724120083330.png\",\"width\":6127,\"height\":1863,\"caption\":\"Consejo Quintanarroense de Humanidades, Ciencias y Tecnolog\u00edas\"},\"image\":{\"@id\":\"https:\\\/\\\/coqhcyt.qroo.gob.mx\\\/#\\\/schema\\\/logo\\\/image\\\/\"}}]}<\/script>\n<!-- \/ Yoast SEO plugin. -->","yoast_head_json":{"title":"Denuncias Transparencia - Consejo Quintanarroense de Humanidades, Ciencias y Tecnolog\u00edas","robots":{"index":"index","follow":"follow","max-snippet":"max-snippet:-1","max-image-preview":"max-image-preview:large","max-video-preview":"max-video-preview:-1"},"canonical":"https:\/\/coqhcyt.qroo.gob.mx\/index.php\/denuncias-transparencia\/","og_locale":"es_MX","og_type":"article","og_title":"Denuncias Transparencia - Consejo Quintanarroense de Humanidades, Ciencias y Tecnolog\u00edas","og_description":"Denuncias por incumplimiento a las obligaciones de transparencia Art\u00edculo 94 de la Ley de Transparencia y Acceso a la Informaci\u00f3n P\u00fablica del Estado de Quintana Roo. Cualquier persona podr\u00e1 denunciar la falta de publicaci\u00f3n de las obligaciones de transparencia previstas en la Ley. ante la Autoridad Garante Estatal (para el COQHCYT lo es el Instituto ... Leer m\u00e1s","og_url":"https:\/\/coqhcyt.qroo.gob.mx\/index.php\/denuncias-transparencia\/","og_site_name":"Consejo Quintanarroense de Humanidades, Ciencias y Tecnolog\u00edas","article_modified_time":"2026-04-15T20:44:46+00:00","og_image":[{"width":600,"height":301,"url":"https:\/\/coqhcyt.qroo.gob.mx\/wp-content\/uploads\/2026\/03\/transparencia-1.jpg","type":"image\/jpeg"}],"twitter_card":"summary_large_image","twitter_misc":{"Tiempo de lectura":"2 minutos"},"schema":{"@context":"https:\/\/schema.org","@graph":[{"@type":"WebPage","@id":"https:\/\/coqhcyt.qroo.gob.mx\/index.php\/denuncias-transparencia\/","url":"https:\/\/coqhcyt.qroo.gob.mx\/index.php\/denuncias-transparencia\/","name":"Denuncias Transparencia - Consejo Quintanarroense de Humanidades, Ciencias y Tecnolog\u00edas","isPartOf":{"@id":"https:\/\/coqhcyt.qroo.gob.mx\/#website"},"primaryImageOfPage":{"@id":"https:\/\/coqhcyt.qroo.gob.mx\/index.php\/denuncias-transparencia\/#primaryimage"},"image":{"@id":"https:\/\/coqhcyt.qroo.gob.mx\/index.php\/denuncias-transparencia\/#primaryimage"},"thumbnailUrl":"https:\/\/coqhcyt.qroo.gob.mx\/wp-content\/uploads\/2026\/03\/transparencia-1.jpg","datePublished":"2026-03-20T18:51:52+00:00","dateModified":"2026-04-15T20:44:46+00:00","breadcrumb":{"@id":"https:\/\/coqhcyt.qroo.gob.mx\/index.php\/denuncias-transparencia\/#breadcrumb"},"inLanguage":"es","potentialAction":[{"@type":"ReadAction","target":["https:\/\/coqhcyt.qroo.gob.mx\/index.php\/denuncias-transparencia\/"]}]},{"@type":"ImageObject","inLanguage":"es","@id":"https:\/\/coqhcyt.qroo.gob.mx\/index.php\/denuncias-transparencia\/#primaryimage","url":"https:\/\/coqhcyt.qroo.gob.mx\/wp-content\/uploads\/2026\/03\/transparencia-1.jpg","contentUrl":"https:\/\/coqhcyt.qroo.gob.mx\/wp-content\/uploads\/2026\/03\/transparencia-1.jpg","width":600,"height":301},{"@type":"BreadcrumbList","@id":"https:\/\/coqhcyt.qroo.gob.mx\/index.php\/denuncias-transparencia\/#breadcrumb","itemListElement":[{"@type":"ListItem","position":1,"name":"Inicio","item":"https:\/\/coqhcyt.qroo.gob.mx\/"},{"@type":"ListItem","position":2,"name":"Denuncias Transparencia"}]},{"@type":"WebSite","@id":"https:\/\/coqhcyt.qroo.gob.mx\/#website","url":"https:\/\/coqhcyt.qroo.gob.mx\/","name":"Consejo Quintanarroense de Humanidades, Ciencias y Tecnolog\u00edas","description":"COQHCYT, anteriormente conocida como COQCYT Quintana Roo atendemos los estudios de las humanidades, ciencia y tecnolog\u00eda del estado de Quintana Roo","publisher":{"@id":"https:\/\/coqhcyt.qroo.gob.mx\/#organization"},"potentialAction":[{"@type":"SearchAction","target":{"@type":"EntryPoint","urlTemplate":"https:\/\/coqhcyt.qroo.gob.mx\/?s={search_term_string}"},"query-input":{"@type":"PropertyValueSpecification","valueRequired":true,"valueName":"search_term_string"}}],"inLanguage":"es"},{"@type":"Organization","@id":"https:\/\/coqhcyt.qroo.gob.mx\/#organization","name":"Consejo Quintanarroense de Humanidades, Ciencias y Tecnolog\u00edas","url":"https:\/\/coqhcyt.qroo.gob.mx\/","logo":{"@type":"ImageObject","inLanguage":"es","@id":"https:\/\/coqhcyt.qroo.gob.mx\/#\/schema\/logo\/image\/","url":"https:\/\/coqhcyt.qroo.gob.mx\/wp-content\/uploads\/2024\/08\/cropped-LOGO-COQHCYT-e1724120083330.png","contentUrl":"https:\/\/coqhcyt.qroo.gob.mx\/wp-content\/uploads\/2024\/08\/cropped-LOGO-COQHCYT-e1724120083330.png","width":6127,"height":1863,"caption":"Consejo Quintanarroense de Humanidades, Ciencias y Tecnolog\u00edas"},"image":{"@id":"https:\/\/coqhcyt.qroo.gob.mx\/#\/schema\/logo\/image\/"}}]}},"_links":{"self":[{"href":"https:\/\/coqhcyt.qroo.gob.mx\/index.php\/wp-json\/wp\/v2\/pages\/37793","targetHints":{"allow":["GET"]}}],"collection":[{"href":"https:\/\/coqhcyt.qroo.gob.mx\/index.php\/wp-json\/wp\/v2\/pages"}],"about":[{"href":"https:\/\/coqhcyt.qroo.gob.mx\/index.php\/wp-json\/wp\/v2\/types\/page"}],"author":[{"embeddable":true,"href":"https:\/\/coqhcyt.qroo.gob.mx\/index.php\/wp-json\/wp\/v2\/users\/4"}],"replies":[{"embeddable":true,"href":"https:\/\/coqhcyt.qroo.gob.mx\/index.php\/wp-json\/wp\/v2\/comments?post=37793"}],"version-history":[{"count":4,"href":"https:\/\/coqhcyt.qroo.gob.mx\/index.php\/wp-json\/wp\/v2\/pages\/37793\/revisions"}],"predecessor-version":[{"id":37860,"href":"https:\/\/coqhcyt.qroo.gob.mx\/index.php\/wp-json\/wp\/v2\/pages\/37793\/revisions\/37860"}],"wp:attachment":[{"href":"https:\/\/coqhcyt.qroo.gob.mx\/index.php\/wp-json\/wp\/v2\/media?parent=37793"}],"curies":[{"name":"wp","href":"https:\/\/api.w.org\/{rel}","templated":true}]}}